{"id":191,"date":"2024-11-04T20:21:22","date_gmt":"2024-11-04T20:21:22","guid":{"rendered":"https:\/\/skanart.pl\/?page_id=191"},"modified":"2025-11-16T21:31:24","modified_gmt":"2025-11-16T21:31:24","slug":"regulamin","status":"publish","type":"page","link":"https:\/\/skanart.pl\/sklep\/?page_id=191","title":{"rendered":"Regulamin"},"content":{"rendered":"\t\t<div data-elementor-type=\"wp-page\" data-elementor-id=\"191\" class=\"elementor elementor-191\" data-elementor-post-type=\"page\">\n\t\t\t\t<div data-particle_enable=\"false\" data-particle-mobile-disabled=\"false\" class=\"elementor-element elementor-element-33d0232 e-flex e-con-boxed e-con e-parent\" data-id=\"33d0232\" data-element_type=\"container\">\n\t\t\t\t\t<div class=\"e-con-inner\">\n\t\t<div data-particle_enable=\"false\" data-particle-mobile-disabled=\"false\" class=\"elementor-element elementor-element-9f64898 e-con-full e-flex e-con e-child\" data-id=\"9f64898\" data-element_type=\"container\">\n\t\t<div data-particle_enable=\"false\" data-particle-mobile-disabled=\"false\" class=\"elementor-element elementor-element-04101bb e-con-full e-flex e-con e-child\" data-id=\"04101bb\" data-element_type=\"container\">\n\t\t\t\t<div class=\"elementor-element elementor-element-95a02a1 elementor-widget elementor-widget-theme-site-logo elementor-widget-image\" data-id=\"95a02a1\" data-element_type=\"widget\" data-widget_type=\"theme-site-logo.default\">\n\t\t\t\t<div class=\"elementor-widget-container\">\n\t\t\t\t\t\t\t\t\t\t\t<a href=\"https:\/\/skanart.pl\/sklep\">\n\t\t\t<img decoding=\"async\" src=\"https:\/\/skanart.pl\/sklep\/wp-content\/uploads\/elementor\/thumbs\/SKAN-ART-1-qwysy7e4q6c5l10xouddf341kfebfwjg7ckk5957ra.png\" title=\"SKAN ART (1)\" alt=\"SKAN ART (1)\" loading=\"lazy\" \/>\t\t\t\t<\/a>\n\t\t\t\t\t\t\t\t\t\t\t<\/div>\n\t\t\t\t<\/div>\n\t\t\t\t<\/div>\n\t\t<div data-particle_enable=\"false\" data-particle-mobile-disabled=\"false\" class=\"elementor-element elementor-element-29bb5d7 e-con-full elementor-hidden-mobile e-flex e-con e-child\" data-id=\"29bb5d7\" data-element_type=\"container\">\n\t\t\t\t<\/div>\n\t\t<div data-particle_enable=\"false\" data-particle-mobile-disabled=\"false\" class=\"elementor-element elementor-element-4f5889e e-con-full elementor-hidden-mobile e-flex e-con e-child\" data-id=\"4f5889e\" data-element_type=\"container\">\n\t\t\t\t<div class=\"elementor-element elementor-element-c6aacf4 elementor-align-center elementor-widget elementor-widget-button\" data-id=\"c6aacf4\" data-element_type=\"widget\" data-widget_type=\"button.default\">\n\t\t\t\t<div class=\"elementor-widget-container\">\n\t\t\t\t\t\t\t\t\t<div class=\"elementor-button-wrapper\">\n\t\t\t\t\t<a class=\"elementor-button elementor-button-link elementor-size-sm\" href=\"https:\/\/skanart.pl\/?add-to-cart=123&#038;redirect_to=https:\/\/skanart.pl\/?page_id=117\">\n\t\t\t\t\t\t<span class=\"elementor-button-content-wrapper\">\n\t\t\t\t\t\t<span class=\"elementor-button-icon\">\n\t\t\t\t<i aria-hidden=\"true\" class=\"fas fa-shopping-basket\"><\/i>\t\t\t<\/span>\n\t\t\t\t\t\t\t\t\t<span class=\"elementor-button-text\">Zam\u00f3w<\/span>\n\t\t\t\t\t<\/span>\n\t\t\t\t\t<\/a>\n\t\t\t\t<\/div>\n\t\t\t\t\t\t\t\t<\/div>\n\t\t\t\t<\/div>\n\t\t\t\t<\/div>\n\t\t\t\t<\/div>\n\t\t\t\t\t<\/div>\n\t\t\t\t<\/div>\n\t\t<div data-particle_enable=\"false\" data-particle-mobile-disabled=\"false\" class=\"elementor-element elementor-element-2ada362 e-flex e-con-boxed e-con e-parent\" data-id=\"2ada362\" data-element_type=\"container\">\n\t\t\t\t\t<div class=\"e-con-inner\">\n\t\t\t\t<div class=\"elementor-element elementor-element-88351ef elementor-widget elementor-widget-heading\" data-id=\"88351ef\" data-element_type=\"widget\" data-widget_type=\"heading.default\">\n\t\t\t\t<div class=\"elementor-widget-container\">\n\t\t\t\t\t<h2 class=\"elementor-heading-title elementor-size-default\">Regulamin<\/h2>\t\t\t\t<\/div>\n\t\t\t\t<\/div>\n\t\t\t\t<div class=\"elementor-element elementor-element-40f0c53 elementor-widget elementor-widget-text-editor\" data-id=\"40f0c53\" data-element_type=\"widget\" data-widget_type=\"text-editor.default\">\n\t\t\t\t<div class=\"elementor-widget-container\">\n\t\t\t\t\t\t\t\t\t<h3><span style=\"color: #000000;\">I. POSTANOWIENIA OG\u00d3LNE<\/span><\/h3><ol><li><p><span style=\"color: #000000;\">Niniejszy regulamin okre\u015bla zasady korzystania ze sklepu internetowego skanart.pl, prowadzonego w ramach dzia\u0142alno\u015bci nierejestrowana przez Aleksandr\u0119 Sawick\u0105, zamieszka\u0142\u0105 na ul. Platynowej 5, 05-800 Pruszk\u00f3w.<\/span><\/p><\/li><li><p><span style=\"color: #000000;\">Kontakt ze sklepem mo\u017cliwy jest pod adresem e-mail:\u00a0<a style=\"color: #000000;\" href=\"mailto:biuro@skanart.pl\" target=\"_blank\" rel=\"nofollow noopener\">biuro@skanart.pl<\/a>\u00a0oraz pod numerem telefonu: +48 669 072 849.<\/span><\/p><\/li><li><p><span style=\"color: #000000;\">Sklep internetowy skanart.pl prowadzi sprzeda\u017c us\u0142ug zwi\u0105zanych ze skanowaniem materia\u0142\u00f3w oraz tworzeniem fotoksi\u0105\u017cek.<\/span><\/p><\/li><li><p><span style=\"color: #000000;\">Regulamin wchodzi w \u017cycie z dniem publikacji na stronie internetowej skanart.pl i obowi\u0105zuje wszystkich u\u017cytkownik\u00f3w sklepu.<\/span><\/p><\/li><li><p><span style=\"color: #000000;\">Sprzedawca zastrzega sobie prawo do zmiany regulaminu. O zmianach Klient zostanie poinformowany poprzez publikacj\u0119 nowej tre\u015bci regulaminu na stronie internetowej skanart.pl. Zmiany wchodz\u0105 w \u017cycie z dniem publikacji, z wyj\u0105tkiem zmian dotycz\u0105cych praw i obowi\u0105zk\u00f3w Sprzedawcy, kt\u00f3re wchodz\u0105 w \u017cycie po uprzednim powiadomieniu Klient\u00f3w z co najmniej 14-dniowym wyprzedzeniem.<\/span><\/p><\/li><\/ol><h3><span style=\"color: #000000;\">II. DEFINICJE<\/span><\/h3><ol><li><p><span style=\"color: #000000;\">Klient\u00a0\u2013 osoba fizyczna, prawna lub jednostka organizacyjna nieposiadaj\u0105ca osobowo\u015bci prawnej, korzystaj\u0105ca ze sklepu internetowego skanart.pl.<\/span><\/p><\/li><li><p><span style=\"color: #000000;\">Konsument\u00a0\u2013 osoba fizyczna dokonuj\u0105ca czynno\u015bci prawnej niezwi\u0105zanej bezpo\u015brednio z jej dzia\u0142alno\u015bci\u0105 gospodarcz\u0105 lub zawodow\u0105.<\/span><\/p><\/li><li><p><span style=\"color: #000000;\">Sprzedawca \u2013 Aleksandra Sawicka prowadz\u0105ca dzia\u0142alno\u015b\u0107 nierejestrowana pod nazw\u0105 \u201eSkanArt Aleksandra Sawicka&#8221;.<\/span><\/p><\/li><li><p><span style=\"color: #000000;\">Us\u0142uga\u00a0\u2013 us\u0142uga skanowania materia\u0142\u00f3w dostarczonych przez Klienta, projektowanie fotoksi\u0105\u017cki, jej druk oraz odes\u0142anie do Klienta.<\/span><\/p><\/li><li><p><span style=\"color: #000000;\">Zam\u00f3wienie\u00a0\u2013 z\u0142o\u017cone przez Klienta zawiadomienie o ch\u0119ci zawarcia umowy sprzeda\u017cy us\u0142ug okre\u015blonych w Sklepie.<\/span><\/p><\/li><li><p><span style=\"color: #000000;\">Umowa\u00a0\u2013 umowa zawarta mi\u0119dzy Sprzedawc\u0105 a Klientem na podstawie niniejszego regulaminu.<\/span><\/p><\/li><\/ol><h3><span style=\"color: #000000;\">III. WARUNKI \u015aWIADCZENIA US\u0141UG<\/span><\/h3><ol><li><p><span style=\"color: #000000;\">Zam\u00f3wienia na us\u0142ugi przyjmowane s\u0105 za po\u015brednictwem strony internetowej skanart.pl.<\/span><\/p><\/li><li><p><span style=\"color: #000000;\">Klient wybiera us\u0142ug\u0119, okre\u015bla paczkomat do wysy\u0142ki i dokonuje p\u0142atno\u015bci z g\u00f3ry.<\/span><\/p><\/li><li><p><span style=\"color: #000000;\">Po z\u0142o\u017ceniu zam\u00f3wienia i dokonaniu pe\u0142nej p\u0142atno\u015bci dochodzi do zawarcia umowy. Moment zawarcia umowy stanowi punkt wyj\u015bcia dla wszystkich termin\u00f3w okre\u015blonych w niniejszym regulaminie.<\/span><\/p><\/li><li><p><span style=\"color: #000000;\">Sprzedawca wysy\u0142a do Klienta puste pude\u0142ko do wybranego paczkomatu.<\/span><\/p><\/li><li><p><span style=\"color: #000000;\">Klient umieszcza w pude\u0142ku materia\u0142y do skanowania i odsy\u0142a je za pomoc\u0105 do\u0142\u0105czonej etykiety zwrotnej.<\/span><\/p><\/li><li><p><span style=\"color: #000000;\">Sprzedawca po otrzymaniu przesy\u0142ki przyst\u0119puje do skanowania materia\u0142\u00f3w w terminie do 7 dni roboczych.<\/span><\/p><\/li><li><p><span style=\"color: #000000;\">Po zeskanowaniu materia\u0142\u00f3w Sprzedawca projektuje fotoksi\u0105\u017ck\u0119 i przesy\u0142a j\u0105 Klientowi do akceptacji.<\/span><\/p><\/li><li><p><span style=\"color: #000000;\">Klient ma prawo do zg\u0142aszania poprawek w zakresie kolejno\u015bci zdj\u0119\u0107, dodawania podpis\u00f3w czy dodatkowych zdj\u0119\u0107.<\/span><\/p><\/li><li><p><span style=\"color: #000000;\">Klient powinien dokona\u0107 akceptacji projektu lub zg\u0142osi\u0107 ewentualne poprawki w ci\u0105gu 2 dni od otrzymania projektu do akceptacji.<\/span><\/p><\/li><li><p><span style=\"color: #000000;\">Po akceptacji projektu przez Klienta Sprzedawca przekazuje fotoksi\u0105\u017ck\u0119 do druku. Na tym etapie nie s\u0105 mo\u017cliwe dalsze zmiany ani poprawki.<\/span><\/p><\/li><li><p><span style=\"color: #000000;\">Czas realizacji us\u0142ugi wynosi \u0142\u0105cznie do 14 dni, pod warunkiem \u017ce Klient zaakceptuje projekt w ci\u0105gu 2 dni od jego otrzymania. Czas realizacji liczony jest od dnia zawarcia umowy (dokonania p\u0142atno\u015bci).<\/span><\/p><\/li><li><p><span style=\"color: #000000;\">Gotowa fotoksi\u0105\u017cka wraz z oryginalnymi materia\u0142ami zostaje odes\u0142ana do Klienta do tego samego paczkomatu.<\/span><\/p><\/li><\/ol><h3><span style=\"color: #000000;\">IV. P\u0141ATNO\u015aCI<\/span><\/h3><ol><li><p><span style=\"color: #000000;\">P\u0142atno\u015bci za us\u0142ugi dokonywa\u0107 mo\u017cna za po\u015brednictwem:<\/span><\/p><ul><li><p><span style=\"color: #000000;\">Przelew\u00f3w elektronicznych, za po\u015brednictwem HotPay<\/span><\/p><\/li><li><p><span style=\"color: #000000;\">Kart debetowych lub kredytowych za po\u015brednictwem HotPay<\/span><\/p><\/li><li><p><span style=\"color: #000000;\">BLIK<\/span><\/p><\/li><li><p><span style=\"color: #000000;\">Tradycyjnego przelewu bankowego<\/span><\/p><\/li><\/ul><\/li><li><p><span style=\"color: #000000;\">P\u0142atno\u015b\u0107 za us\u0142ug\u0119 dokonywana jest z g\u00f3ry podczas sk\u0142adania zam\u00f3wienia.<\/span><\/p><\/li><li><p><span style=\"color: #000000;\">Umowa zawierana jest pod warunkiem zawieszaj\u0105cym \u2013 czysto\u015bci transakcji i wp\u0142ywu pe\u0142nej kwoty na rachunek Sprzedawcy.<\/span><\/p><\/li><li><p><span style=\"color: #000000;\">W przypadku niepowodzenia p\u0142atno\u015bci Klient zostanie powiadomiony drog\u0105 elektroniczn\u0105.<\/span><\/p><\/li><li><p><span style=\"color: #000000;\">Ceny us\u0142ug podawane w Sklepie zawieraj\u0105 VAT (je\u015bli obowi\u0105zuje) lub stanowi\u0105 ceny netto dla um\u00f3w B2B. Klient ma prawo \u017c\u0105da\u0107 wystawienia faktury VAT w ci\u0105gu 3 miesi\u0119cy od dokonania transakcji.<\/span><\/p><\/li><\/ol><h3><span style=\"color: #000000;\">V. WARUNKI DOSTAWY<\/span><\/h3><ol><li><p><span style=\"color: #000000;\">Us\u0142ugi dostarczane s\u0105 za po\u015brednictwem paczkomat\u00f3w InPost do paczkomatu wskazanego przez Klienta w formularzu zam\u00f3wienia.<\/span><\/p><\/li><li><p><span style=\"color: #000000;\">Sprzedawca nie ponosi odpowiedzialno\u015bci za op\u00f3\u017anienia lub brak dor\u0119czenia wynikaj\u0105ce z podania nieprawid\u0142owych danych do dor\u0119czenia.<\/span><\/p><\/li><li><p><span style=\"color: #000000;\">Klient, odbieraj\u0105c przesy\u0142k\u0119 z zam\u00f3wieniem, powinien sprawdzi\u0107 jej stan. W przypadku stwierdzenia zniszczenia lub uszkodzenia opakowania, nale\u017cy pozostawi\u0107 przesy\u0142k\u0119 w paczkomacie i post\u0119powa\u0107 zgodnie z instrukcjami wy\u015bwietlanymi na ekranie paczkomatu.<\/span><\/p><\/li><li><p><span style=\"color: #000000;\">W przypadku stwierdzenia uszkodzenia przesy\u0142ki nale\u017cy niezw\u0142ocznie zawiadomi\u0107 Sprzedawc\u0119 o tym fakcie, kontaktuj\u0105c si\u0119 poprzez adres e-mail:\u00a0<a style=\"color: #000000;\" href=\"mailto:biuro@skanart.pl\" target=\"_blank\" rel=\"nofollow noopener\">biuro@skanart.pl<\/a>.<\/span><\/p><\/li><li><p><span style=\"color: #000000;\">Przesy\u0142ka zawiera oryginalne materia\u0142y Klienta oraz wydrukowan\u0105 fotoksi\u0105\u017ck\u0119. Sprzedawca nie ponosi odpowiedzialno\u015bci za uszkodzenia mog\u0105ce wynikn\u0105\u0107 z transportu, chyba \u017ce uszkodzenie wynika z winy Sprzedawcy.<\/span><\/p><\/li><li><p><span style=\"color: #000000;\">Ryzyko utraty lub uszkodzenia towaru przechodzi na Klienta w momencie dostarczenia paczki do paczkomatu InPost.<\/span><\/p><\/li><li><p><span style=\"color: #000000;\">Aktualne informacje dotycz\u0105ce opcji i koszt\u00f3w dostawy dost\u0119pne s\u0105 na stronie \u201eKoszty dostawy&#8221; na skanart.pl.<\/span><\/p><\/li><\/ol><h3><span style=\"color: #000000;\">VI. PRAWO DO ODST\u0104PIENIA OD UMOWY<\/span><\/h3><ol><li><p><span style=\"color: #000000;\">Zgodnie z art. 38 pkt 3 Ustawy z dnia 30 maja 2014 r. o prawach konsumenta, prawo odst\u0105pienia od umowy zawartej na odleg\u0142o\u015b\u0107 nie przys\u0142uguje konsumentowi w odniesieniu do um\u00f3w, w kt\u00f3rych przedmiotem \u015bwiadczenia jest rzecz nieprefabrykowana, wyprodukowana wed\u0142ug specyfikacji konsumenta lub s\u0142u\u017c\u0105ca zaspokojeniu jego zindywidualizowanych potrzeb.<\/span><\/p><\/li><li><p><span style=\"color: #000000;\">Oferowane przez Sprzedawc\u0119 us\u0142ugi maj\u0105 charakter indywidualny i s\u0105 realizowane na podstawie specyfikacji dostarczonych przez Klienta (skanowanie konkretnych materia\u0142\u00f3w, projektowanie unikalnej fotoksi\u0105\u017cki), dlatego te\u017c prawo odst\u0105pienia od umowy w rozumieniu art. 27 ustawy o prawach konsumenta nie przys\u0142uguje.<\/span><\/p><\/li><li><p><span style=\"color: #000000;\">Jednak w przypadku, gdy Sprzedawca nie rozpocz\u0105\u0142 jeszcze prac nad zam\u00f3wieniem (je\u015bli Klient zg\u0142osi rezygnacj\u0119 przed wys\u0142aniem pude\u0142ka), Klient mo\u017ce wznowi\u0107 \u017c\u0105danie zwrotu wp\u0142aty.<\/span><\/p><\/li><li><p><span style=\"color: #000000;\">Wszelkie roszczenia zwi\u0105zane z odst\u0105pieniem od umowy powinny by\u0107 zg\u0142aszane na adres e-mail:\u00a0<a style=\"color: #000000;\" href=\"mailto:biuro@skanart.pl\" target=\"_blank\" rel=\"nofollow noopener\">biuro@skanart.pl<\/a>.<\/span><\/p><\/li><\/ol><h3><span style=\"color: #000000;\">VII. REKLAMACJE I R\u0118KOJMIA<\/span><\/h3><ol><li><p><span style=\"color: #000000;\">Ka\u017cdy towar otrzymany w wyniku zam\u00f3wienia us\u0142ugi w Sklepie obj\u0119ty jest r\u0119kojmi\u0105 za wady fizyczne (niezgodno\u015b\u0107 towaru z umow\u0105) i prawne, zgodnie z przepisami Kodeksu Cywilnego (art. 556-576).<\/span><\/p><\/li><li><p><span style=\"color: #000000;\">Konsument mo\u017ce zg\u0142osi\u0107 reklamacj\u0119 ze wzgl\u0119du na niezgodno\u015b\u0107 fotoksi\u0105\u017cki z zaakceptowanym projektem lub wady materia\u0142owe w terminie 2 lat od dostarczenia produktu.<\/span><\/p><\/li><li><p><span style=\"color: #000000;\">W przypadku ewentualnych reklamacji nale\u017cy skontaktowa\u0107 si\u0119 z dzia\u0142em obs\u0142ugi klienta Sprzedawcy pod adresem:\u00a0<a style=\"color: #000000;\" href=\"mailto:biuro@skanart.pl\" target=\"_blank\" rel=\"nofollow noopener\">biuro@skanart.pl<\/a>.<\/span><\/p><\/li><li><p><span style=\"color: #000000;\">Reklamacja powinna zawiera\u0107:<\/span><\/p><ul><li><p><span style=\"color: #000000;\">Numer zam\u00f3wienia<\/span><\/p><\/li><li><p><span style=\"color: #000000;\">Dok\u0142adny opis zastrze\u017ce\u0144 wobec produktu lub us\u0142ugi<\/span><\/p><\/li><li><p><span style=\"color: #000000;\">Zdj\u0119cia dokumentuj\u0105ce wad\u0119 (je\u015bli dotyczy)<\/span><\/p><\/li><li><p><span style=\"color: #000000;\">Preferowany spos\u00f3b rozwi\u0105zania reklamacji (wymiana, zwrot, rabat)<\/span><\/p><\/li><\/ul><\/li><li><p><span style=\"color: #000000;\">Po otrzymaniu opisu zastrze\u017ce\u0144 Sprzedawca w terminie 5 dni roboczych rozpatruje, czy zachodzi podstawa do uwzgl\u0119dnienia reklamacji. W razie niepowiadomienia Klienta w tym terminie o sposobie rozpatrzenia reklamacji uwa\u017ca si\u0119 j\u0105 za uwzgl\u0119dnion\u0105.<\/span><\/p><\/li><li><p><span style=\"color: #000000;\">Je\u015bli podstawa reklamacji zachodzi, Klient proszony jest o przes\u0142anie towaru na adres Sprzedawcy na koszt Sprzedawcy. Po uwzgl\u0119dnieniu reklamacji Klient otrzymuje wymian\u0119 fotoksi\u0105\u017cki lub zwrot poniesionych koszt\u00f3w.<\/span><\/p><\/li><li><p><span style=\"color: #000000;\">W razie dokonania por\u00f3wnania zastrze\u017ce\u0144 Klienta z tre\u015bci\u0105 zam\u00f3wienia zapisan\u0105 w Serwisie i stwierdzenia, \u017ce nie zachodz\u0105 podstawy do wszcz\u0119cia procedury reklamacyjnej, Sprzedawca zawiadomi o tym Klienta w ci\u0105gu 7 dni roboczych. W takim przypadku Klient nie powinien przesy\u0142a\u0107 towaru.<\/span><\/p><\/li><li><p><span style=\"color: #000000;\">Klient nie jest zobowi\u0105zany do uprzedniego przesy\u0142ania towaru, gdy w wyniku por\u00f3wnania reklamacji z tre\u015bci\u0105 zam\u00f3wienia oka\u017ce si\u0119, \u017ce Us\u0142uga zosta\u0142a wykonana niezgodnie z zam\u00f3wieniem.<\/span><\/p><\/li><li><p><span style=\"color: #000000;\">Sprzedawca o\u015bwiadcza, \u017ce w razie niezgodno\u015bci towaru z zam\u00f3wieniem zobowi\u0105zuje si\u0119 niezw\u0142ocznie i bez nadmiernych trudno\u015bci dla Klienta wymieni\u0107 towar na wolny od wad, chyba \u017ce naprawa albo wymiana s\u0105 niemo\u017cliwe lub wymagaj\u0105 nadmiernych koszt\u00f3w.<\/span><\/p><\/li><li><p><span style=\"color: #000000;\">Forma zwrotu towaru jest ustalana z Sprzedawc\u0105. W razie uwzgl\u0119dnienia reklamacji Klient otrzymuje zwrot koszt\u00f3w przesy\u0142ki do wysoko\u015bci kwoty z cennika firmy kurierskiej, adekwatnej do wagi i wielko\u015bci danej przesy\u0142ki.<\/span><\/p><\/li><li><p><span style=\"color: #000000;\">R\u0119kojmia za wady nie obejmuje przypadk\u00f3w wynikaj\u0105cych z niew\u0142a\u015bciwego przechowywania lub obs\u0142ugi fotoksi\u0105\u017cki przez Klienta po jej dostarczeniu.<\/span><\/p><\/li><\/ol><h3><span style=\"color: #000000;\">VIII. OCHRONA DANYCH OSOBOWYCH I POLITYKA PRYWATNO\u015aCI<\/span><\/h3><ol><li><p><span style=\"color: #000000;\">Administratorem danych osobowych jest Aleksandra Sawicka, prowadz\u0105ca dzia\u0142alno\u015b\u0107 nierejestrowana pod nazw\u0105 \u201eSkanArt&#8221;.<\/span><\/p><\/li><li><p><span style=\"color: #000000;\">Dane osobowe Klienta s\u0105 przetwarzane wy\u0142\u0105cznie w celu realizacji zam\u00f3wienia, obs\u0142ugi p\u0142atno\u015bci, dostarczenia us\u0142ug oraz zgodnie z obowi\u0105zuj\u0105cymi przepisami prawa, w szczeg\u00f3lno\u015bci Rozporz\u0105dzeniem UE 2016\/679 (RODO).<\/span><\/p><\/li><li><p><span style=\"color: #000000;\">Dane osobowe b\u0119d\u0105 przetwarzane przez okres niezb\u0119dny do realizacji umowy, a nast\u0119pnie przez okres wymagany przepisami prawa.<\/span><\/p><\/li><li><p><span style=\"color: #000000;\">Klient ma prawo dost\u0119pu do tre\u015bci swoich danych, ich poprawiania, \u017c\u0105dania ich usuni\u0119cia, oraz prawo do ograniczenia przetwarzania swoich danych osobowych.<\/span><\/p><\/li><li><p><span style=\"color: #000000;\">Klient ma prawo wycofania zgody na przetwarzanie danych w dowolnym momencie bez wp\u0142ywu na legalno\u015b\u0107 przetwarzania przed wycofaniem zgody.<\/span><\/p><\/li><li><p><span style=\"color: #000000;\">Dane Klienta nie b\u0119d\u0105 udost\u0119pniane osobom trzecim, z wyj\u0105tkiem przypadk\u00f3w wymaganych przepisami prawa lub niezb\u0119dnych do realizacji us\u0142ugi (np. firma kurierska).<\/span><\/p><\/li><li><p><span style=\"color: #000000;\">Szczeg\u00f3\u0142owe informacje dotycz\u0105ce przetwarzania danych osobowych zawarte s\u0105 w Polityce Prywatno\u015bci dost\u0119pnej na stronie internetowej skanart.pl.<\/span><\/p><\/li><li><p><span style=\"color: #000000;\">W przypadku pyta\u0144 dotycz\u0105cych przetwarzania danych osobowych Klient mo\u017ce kontaktowa\u0107 si\u0119 z Administratorem pod adresem:\u00a0<a style=\"color: #000000;\" href=\"mailto:biuro@skanart.pl\" target=\"_blank\" rel=\"nofollow noopener\">biuro@skanart.pl<\/a>.<\/span><\/p><\/li><\/ol><h3><span style=\"color: #000000;\">IX. POSTANOWIENIA KO\u0143COWE<\/span><\/h3><ol><li><p><span style=\"color: #000000;\">W sprawach nieuregulowanych niniejszym regulaminem zastosowanie maj\u0105 przepisy prawa polskiego, w szczeg\u00f3lno\u015bci:<\/span><\/p><ul><li><p><span style=\"color: #000000;\">Kodeks Cywilny z dnia 23 kwietnia 1964 r.<\/span><\/p><\/li><li><p><span style=\"color: #000000;\">Ustawa o prawach konsumenta z dnia 30 maja 2014 r.<\/span><\/p><\/li><li><p><span style=\"color: #000000;\">Ustawa o \u015bwiadczeniu us\u0142ug drog\u0105 elektroniczn\u0105 z dnia 18 lipca 2002 r.<\/span><\/p><\/li><li><p><span style=\"color: #000000;\">Rozporz\u0105dzenie UE 2016\/679 (RODO)<\/span><\/p><\/li><\/ul><\/li><li><p><span style=\"color: #000000;\">Klient nie mo\u017ce zrzec si\u0119 praw przyznanych mu w ustawie o prawach konsumenta. Wszelkie postanowienia regulaminu sprzeczne z przepisami bezwzgl\u0119dnie obowi\u0105zuj\u0105cymi s\u0105 niewa\u017cne.<\/span><\/p><\/li><li><p><span style=\"color: #000000;\">Sprzedawca nie odpowiada za szkody wynikaj\u0105ce z przerwania po\u0142\u0105czenia internetowego, niedost\u0119pno\u015bci strony lub problem\u00f3w technicznych, kt\u00f3rych nie mog\u0142a przewidzie\u0107 lub unikn\u0105\u0107.<\/span><\/p><\/li><li><p><span style=\"color: #000000;\">Zgodnie z art. 27 ustawy o prawach konsumenta konsument ma prawo do pozas\u0105dowego rozpatrywania spor\u00f3w. Wszelkie spory mog\u0105 by\u0107 rozpatrywane przez wojew\u00f3dzkie rzeczniki konsumenta lub inne podmioty zajmuj\u0105ce si\u0119 ADR (Alternative Dispute Resolution).<\/span><\/p><\/li><li><p><span style=\"color: #000000;\">Sprzedawca zastrzega sobie prawo do zmiany regulaminu. O zmianach Klient zostanie poinformowany poprzez publikacj\u0119 nowej tre\u015bci regulaminu na stronie internetowej skanart.pl. Zmiana wchodzi w \u017cycie z dniem publikacji.<\/span><\/p><\/li><\/ol><h3><span style=\"color: #000000;\">X. KONTAKT<\/span><\/h3><p><span style=\"color: #000000;\">W przypadku pyta\u0144 lub w\u0105tpliwo\u015bci prosimy o kontakt:<\/span><\/p><ul><li><p><span style=\"color: #000000;\">Adres e-mail:\u00a0<a style=\"color: #000000;\" href=\"mailto:biuro@skanart.pl\" target=\"_blank\" rel=\"nofollow noopener\">biuro@skanart.pl<\/a><\/span><\/p><\/li><li><p><span style=\"color: #000000;\">Numer telefonu:\u00a0+48 669 072 849<\/span><\/p><\/li><li><p><span style=\"color: #000000;\">Adres korespondencyjny:\u00a0Aleksandra Sawicka, ul. Platynowej 5, 05-800 Pruszk\u00f3w<\/span><\/p><\/li><\/ul><hr \/><p><span style=\"color: #000000;\">Regulamin wchodzi w \u017cycie z dniem publikacji na stronie internetowej skanart.pl.<\/span><\/p><p><span style=\"color: #000000;\">Data ostatniej aktualizacji: 16 listopada 2025 r.<\/span><\/p>\t\t\t\t\t\t\t\t<\/div>\n\t\t\t\t<\/div>\n\t\t\t\t\t<\/div>\n\t\t\t\t<\/div>\n\t\t\t\t<\/div>\n\t\t","protected":false},"excerpt":{"rendered":"<p>Zam\u00f3w Regulamin I. POSTANOWIENIA OG\u00d3LNE Niniejszy regulamin okre\u015bla zasady korzystania ze sklepu internetowego skanart.pl, prowadzonego w ramach dzia\u0142alno\u015bci nierejestrowana przez Aleksandr\u0119 Sawick\u0105, zamieszka\u0142\u0105 na ul. Platynowej 5, 05-800 Pruszk\u00f3w. Kontakt ze sklepem mo\u017cliwy jest pod adresem e-mail:\u00a0biuro@skanart.pl\u00a0oraz pod numerem telefonu: +48 669 072 849. Sklep internetowy skanart.pl prowadzi sprzeda\u017c us\u0142ug zwi\u0105zanych ze skanowaniem materia\u0142\u00f3w oraz [&hellip;]<\/p>\n","protected":false},"author":1,"featured_media":0,"parent":0,"menu_order":0,"comment_status":"closed","ping_status":"closed","template":"","meta":{"footnotes":""},"class_list":["post-191","page","type-page","status-publish","hentry"],"_links":{"self":[{"href":"https:\/\/skanart.pl\/sklep\/index.php?rest_route=\/wp\/v2\/pages\/191","targetHints":{"allow":["GET"]}}],"collection":[{"href":"https:\/\/skanart.pl\/sklep\/index.php?rest_route=\/wp\/v2\/pages"}],"about":[{"href":"https:\/\/skanart.pl\/sklep\/index.php?rest_route=\/wp\/v2\/types\/page"}],"author":[{"embeddable":true,"href":"https:\/\/skanart.pl\/sklep\/index.php?rest_route=\/wp\/v2\/users\/1"}],"replies":[{"embeddable":true,"href":"https:\/\/skanart.pl\/sklep\/index.php?rest_route=%2Fwp%2Fv2%2Fcomments&post=191"}],"version-history":[{"count":28,"href":"https:\/\/skanart.pl\/sklep\/index.php?rest_route=\/wp\/v2\/pages\/191\/revisions"}],"predecessor-version":[{"id":606,"href":"https:\/\/skanart.pl\/sklep\/index.php?rest_route=\/wp\/v2\/pages\/191\/revisions\/606"}],"wp:attachment":[{"href":"https:\/\/skanart.pl\/sklep\/index.php?rest_route=%2Fwp%2Fv2%2Fmedia&parent=191"}],"curies":[{"name":"wp","href":"https:\/\/api.w.org\/{rel}","templated":true}]}}